 18 is divided by 5.
3
Calculate the remainder when 2023 is divided by 45.
43
Calculate the remainder when 592 is divided by 85.
82
Calculate the remainder when 201 is divided by 14.
5
What is the remainder when 4522 is divided by 8?
2
Calculate the remainder when 4262 is divided by 4.
2
What is the remainder when 284 is divided by 73?
65
What is the remainder when 661 is divided by 68?
49
What is the remainder when 1340 is divided by 666?
8
Calculate the remainder when 681 is divided by 154.
65
Calculate the remainder when 6400 is divided by 183.
178
Calculate the remainder when 1198 is divided by 100.
98
Calculate the remainder when 603 is divided by 33.
9
What is the remainder when 202 is divided by 21?
13
What is the remainder when 351 is divided by 24?
15
What is the remainder when 179 is divided by 15?
14
What is the remainder when 235 is divided by 40?
35
Calculate the remainder when 812 is divided by 43.
38
Calculate the remainder when 66 is divided by 17.
15
What is the remainder when 174 is divided by 7?
6
What is the remainder when 1989 is divided by 219?
18
Calculate the remainder when 788 is divided by 99.
95
What is the remainder when 6838 is divided by 11?
7
What is the remainder when 61 is divided by 32?
29
Calculate the remainder when 72 is divided by 19.
15
Calculate the remainder when 57 is divided by 9.
3
What is the remainder when 7588 is divided by 73?
69
What is the remainder when 160 is divided by 41?
37
Calculate the remainder when 10299 is divided by 5142.
15
Calculate the remainder when 923 is divided by 206.
99
What is the remainder when 176 is divided by 166?
10
Calculate the remainder when 64 is divided by 34.
30
Calculate the remainder when 2748 is divided by 26.
18
Calculate the remainder when 537 is divided by 121.
53
Calculate the remainder when 412 is divided by 23.
21
Calculate the remainder when 286 is divided by 8.
6
Calculate the remainder when 2487 is divided by 34.
5
What is the remainder when 345 is divided by 178?
167
Calculate the remainder when 382 is divided by 11.
8
Calculate the remainder when 2097 is divided by 20.
17
Calculate the remainder when 148 is divided by 51.
46
Calculate the remainder when 2449 is divided by 656.
481
Calculate the remainder when 3135 is divided by 49.
48
What is the remainder when 4815 is divided by 32?
15
Calculate the remainder when 594 is divided by 15.
9
What is the remainder when 16631 is divided by 108?
107
Calculate the remainder when 1587 is divided by 516.
39
Calculate the remainder when 1131 is divided by 27.
24
What is the remainder when 15 is divided by 1?
0
Calculate the remainder when 150 is divided by 69.
12
Calculate the remainder when 94 is divided by 4.
2
Calculate the remainder when 6544 is divided by 17.
16
What is the remainder when 1533 is divided by 509?
6
Calculate the remainder when 1931 is divided by 48.
11
What is the remainder when 63 is divided by 30?
3
What is the remainder when 634 is divided by 106?
104
Calculate the remainder when 829 is divided by 244.
97
Calculate the remainder when 97797 is divided by 75.
72
Calculate the remainder when 278 is divided by 14.
12
What is the remainder when 175 is divided by 62?
51
What is the remainder when 917 is divided by 113?
13
Calculate the remainder when 368 is divided by 61.
2
Calculate the remainder when 499 is divided by 84.
79
Calculate the remainder when 23 is divided by 3.
2
Calculate the remainder when 143 is divided by 54.
35
Calculate the remainder when 2964 is divided by 129.
126
Calculate the remainder when 1057 is divided by 41.
32
Calculate the remainder when 215 is divided by 77.
61
Calculate the remainder when 289 is divided by 24.
1
Calculate the remainder when 4086 is divided by 8.
6
Calculate the remainder when 310 is divided by 303.
7
What is the remainder when 528 is divided by 2?
0
What is the remainder when 570 is divided by 14?
10
What is the remainder when 2180 is divided by 21?
17
What is the remainder when 21 is divided by 8?
5
What is the remainder when 286 is divided by 75?
61
What is the remainder when 167 is divided by 3?
2
What is the remainder when 2420 is divided by 9?
8
Calculate the remainder when 163 is divided by 34.
27
Calculate the remainder when 6832 is divided by 6.
4
Calculate the remainder when 188 is divided by 74.
40
What is the remainder when 103 is divided by 19?
8
What is the remainder when 25 is divided by 15?
10
What is the remainder when 350 is divided by 165?
20
Calculate the remainder when 1506 is divided by 29.
27
What is the remainder when 175 is divided by 160?
15
What is the remainder when 122 is divided by 62?
60
Calculate the remainder when 1264 is divided by 14.
4
What is the remainder when 1725 is divided by 27?
24
What is the remainder when 10132 is divided by 52?
44
What is the remainder when 48 is divided by 7?
6
Calculate the remainder when 69 is divided by 28.
13
Calculate the remainder when 102 is divided by 20.
2
Calculate the remainder when 752 is divided by 58.
56
Calculate the remainder when 2686 is divided by 24.
22
Calculate the remainder when 728 is divided by 121.
2
What is the remainder when 413 is divided by 81?
8
What is the remainder when 1222 is divided by 176?
166
Calculate the remainder when 139 is divided by 15.
4
Calculate the remainder when 102 is divided by 99.
3
What is the remainder when 34 is divided by 16?
2
Calculate the remainder when 46 is divided by 25.
21
Calculate the remainder when 472 is divided by 13.
4
What is the remainder when 44 is divided by 30?
14
Calculate the remainder when 185 is divided by 59.
8
What is the remainder when 269 is divided by 42?
17
Calculate the remainder when 219 is divided by 25.
19
Calculate the remainder when 357 is divided by 90.
87
What is the remainder when 70 is divided by 59?
11
Calculate the remainder when 341 is divided by 49.
47
Calculate the remainder when 337 is divided by 57.
52
Calculate the remainder when 25 is divided by 12.
1
What is the remainder when 2757 is divided by 60?
57
What is the remainder when 22 is divided by 7?
1
Calculate the remainder when 694 is divided by 58.
56
Calculate the remainder when 1280 is divided by 464.
352
What is the remainder when 3378 is divided by 562?
6
What is the remainder when 105 is divided by 27?
24
Calculate the remainder when 62 is divided by 13.
10
What is the remainder when 379 is divided by 97?
88
Calculate the remainder when 130 is divided by 120.
10
What is the remainder when 718 is divided by 103?
100
What is the remainder when 128 is divided by 26?
24
Calculate the remainder when 256 is divided by 34.
18
Calculate the remainder when 109 is divided by 37.
35
Calculate the remainder when 84 is divided by 25.
9
What is the remainder when 233 is divided by 22?
13
What is the remainder when 186 is divided by 96?
90
What is the remainder when 155 is divided by 35?
15
Calculate the remainder when 1557 is divided by 217.
38
What is the remainder when 8872 is divided by 8?
0
What is the remainder when 357 is divided by 75?
57
Calculate the remainder when 848 is divided by 71.
67
Calculate the remainder when 40 is divided by 39.
1
Calculate the remainder when 848 is divided by 201.
44
What is the remainder when 12 is divided by 4?
0
What is the remainder when 100 is divided by 12?
4
What is the remainder when 101 is divided by 49?
3
What is the remainder when 319 is divided by 56?
39
What is the remainder when 159 is divided by 34?
23
What is the remainder when 195 is divided by 13?
0
What is the remainder when 2255 is divided by 63?
50
What is the remainder when 272 is divided by 70?
62
Calculate the remainder when 50 is divided by 33.
17
Calculate the remainder when 1044 is divided by 333.
45
What is the remainder when 62 is divided by 17?
11
What is the remainder when 163 is divided by 52?
7
Calculate the remainder when 337 is divided by 31.
27
Calculate the remainder when 165 is divided by 43.
36
What is the remainder when 2157 is divided by 26?
25
What is the remainder when 82 is divided by 25?
7
What is the remainder when 59 is divided by 14?
3
What is the remainder when 182 is divided by 68?
46
What is the remainder when 933 is divided by 247?
192
Calculate the remainder when 232 is divided by 39.
37
What 